{"id":7,"date":"2024-12-19T16:31:50","date_gmt":"2024-12-19T15:31:50","guid":{"rendered":"https:\/\/arldata.com\/?page_id=7"},"modified":"2026-03-21T12:49:00","modified_gmt":"2026-03-21T11:49:00","slug":"accueil","status":"publish","type":"page","link":"https:\/\/arldata.com\/","title":{"rendered":"Accueil"},"content":{"rendered":"","protected":false},"excerpt":{"rendered":"","protected":false},"author":1,"featured_media":0,"parent":0,"menu_order":0,"comment_status":"closed","ping_status":"closed","template":"","meta":{"_acf_changed":false,"_seopress_robots_primary_cat":"","_seopress_titles_title":"GisInVR application NoCode, Real Time, Plug&Play d'immersion XR","_seopress_titles_desc":"D\u00e9velopp\u00e9e par arlData, GisInVR est une application NoCode, Real Time, Plug&Play pour SIMULER, \u00c9LABORER VOS PROCESS M\u00c9TIERS, FORMER ET PILOTER VOS \u00c9QUIPES EN IMMERSION XR DANS VOS DONN\u00c9ES","_seopress_robots_index":"","footnotes":""},"class_list":["post-7","page","type-page","status-publish","hentry"],"acf":[],"_links":{"self":[{"href":"https:\/\/arldata.com\/index.php\/wp-json\/wp\/v2\/pages\/7","targetHints":{"allow":["GET"]}}],"collection":[{"href":"https:\/\/arldata.com\/index.php\/wp-json\/wp\/v2\/pages"}],"about":[{"href":"https:\/\/arldata.com\/index.php\/wp-json\/wp\/v2\/types\/page"}],"author":[{"embeddable":true,"href":"https:\/\/arldata.com\/index.php\/wp-json\/wp\/v2\/users\/1"}],"replies":[{"embeddable":true,"href":"https:\/\/arldata.com\/index.php\/wp-json\/wp\/v2\/comments?post=7"}],"version-history":[{"count":146,"href":"https:\/\/arldata.com\/index.php\/wp-json\/wp\/v2\/pages\/7\/revisions"}],"predecessor-version":[{"id":333,"href":"https:\/\/arldata.com\/index.php\/wp-json\/wp\/v2\/pages\/7\/revisions\/333"}],"wp:attachment":[{"href":"https:\/\/arldata.com\/index.php\/wp-json\/wp\/v2\/media?parent=7"}],"curies":[{"name":"wp","href":"https:\/\/api.w.org\/{rel}","templated":true}]}}